63 and 11.
11
What is the greatest common divisor of 472250 and 250?
250
Calculate the greatest common factor of 590275 and 50.
25
Calculate the highest common factor of 3296 and 40994.
206
Calculate the highest common divisor of 112310 and 220.
110
What is the greatest common divisor of 7524 and 222300?
684
Calculate the highest common divisor of 21405 and 14880.
15
What is the greatest common divisor of 256 and 232?
8
What is the highest common factor of 783900 and 1620?
180
Calculate the greatest common factor of 95 and 399095.
95
Calculate the greatest common factor of 7456 and 824.
8
What is the greatest common factor of 6 and 115881?
3
Calculate the greatest common divisor of 2620 and 29999.
131
Calculate the greatest common divisor of 286 and 390962.
286
What is the greatest common factor of 174232 and 928?
232
What is the highest common factor of 160 and 15520?
160
What is the highest common factor of 54 and 188541?
27
Calculate the highest common divisor of 1725 and 303.
3
What is the highest common factor of 3980 and 21720?
20
What is the highest common divisor of 360 and 9168?
24
Calculate the greatest common divisor of 62036 and 364.
52
Calculate the greatest common factor of 1802 and 13022.
34
Calculate the greatest common factor of 15690 and 1398.
6
What is the highest common divisor of 16 and 3896?
8
Calculate the highest common factor of 281394 and 386.
386
What is the highest common divisor of 465 and 120?
15
Calculate the highest common factor of 2662 and 1738.
22
Calculate the greatest common factor of 166771 and 11.
11
Calculate the highest common divisor of 312 and 7704.
24
What is the greatest common divisor of 53231 and 2?
1
Calculate the highest common factor of 20019 and 2.
1
What is the greatest common divisor of 389904 and 48?
48
Calculate the greatest common divisor of 2475 and 171375.
75
Calculate the greatest common divisor of 1338593 and 603.
67
Calculate the highest common divisor of 1104 and 9701952.
1104
What is the greatest common factor of 11578 and 392?
14
What is the greatest common factor of 81383 and 97?
97
Calculate the greatest common divisor of 97526 and 22.
22
Calculate the highest common divisor of 3430 and 54341.
49
Calculate the highest common factor of 3300 and 492.
12
What is the greatest common divisor of 2816 and 8998?
22
What is the highest common factor of 160650 and 1200?
150
What is the greatest common factor of 110802 and 12?
6
What is the greatest common factor of 36 and 908640?
36
Calculate the highest common divisor of 6630 and 18.
6
What is the greatest common factor of 93624 and 7636?
332
What is the greatest common divisor of 2679 and 50331?
57
What is the highest common divisor of 6395 and 360?
5
Calculate the highest common factor of 210411 and 27.
27
What is the highest common factor of 35 and 19999?
7
What is the highest common factor of 2636 and 14?
2
What is the highest common divisor of 28 and 391244?
28
Calculate the greatest common divisor of 2769 and 154713.
39
Calculate the highest common factor of 17 and 293981.
17
What is the greatest common factor of 1131 and 117429?
39
What is the greatest common factor of 1667 and 32?
1
Calculate the highest common factor of 42672 and 90.
6
Calculate the greatest common factor of 1807 and 246864.
139
What is the highest common factor of 1920 and 751680?
960
What is the greatest common divisor of 7169 and 535?
107
Calculate the greatest common divisor of 74 and 263921.
37
Calculate the greatest common divisor of 8036 and 2803416.
1148
What is the highest common divisor of 841 and 435?
29
What is the greatest common divisor of 19 and 2043146?
19
What is the greatest common factor of 6105 and 3552?
111
What is the greatest common factor of 432 and 764112?
48
What is the greatest common factor of 5236 and 15400?
308
What is the greatest common factor of 81880 and 979?
89
Calculate the highest common factor of 186983 and 647.
647
Calculate the highest common divisor of 99 and 1187197.
11
What is the greatest common divisor of 930 and 6014?
62
What is the highest common divisor of 297416 and 329?
329
What is the highest common divisor of 90 and 185985?
45
What is the highest common factor of 2806 and 7808?
122
What is the greatest common divisor of 48 and 18456?
24
Calculate the highest common divisor of 134984 and 3572.
188
What is the highest common factor of 1014 and 762?
6
Calculate the greatest common divisor of 9525 and 2413.
127
What is the greatest common factor of 1341 and 2377891?
149
Calculate the highest common factor of 12274 and 136.
34
What is the highest common divisor of 233979 and 69?
69
Calculate the highest common factor of 5409 and 410483.
601
What is the highest common divisor of 1730 and 38752?
346
What is the greatest common factor of 1406 and 336737?
703
What is the highest common factor of 303 and 239976?
303
What is the greatest common divisor of 442 and 24140?
34
Calculate the highest common factor of 1943447 and 55.
11
What is the greatest common factor of 3 and 3998718?
3
What is the greatest common factor of 2 and 136458?
2
Calculate the highest common divisor of 891 and 5390253.
297
Calculate the highest common factor of 90 and 960.
30
What is the highest common factor of 26847 and 513?
171
Calculate the greatest common factor of 97036 and 68.
68
Calculate the greatest common divisor of 163250 and 375.
125
What is the greatest common divisor of 519414 and 745?
149
Calculate the greatest common divisor of 1430 and 3256.
22
Calculate the highest common divisor of 46067 and 749.
7
What is the greatest common divisor of 12 and 11604?
12
What is the highest common divisor of 15081 and 15?
3
Calculate the highest common factor of 2376 and 183888.
72
Calculate the greatest common factor of 33309 and 15.
3
What is the highest common divisor of 534014 and 46?
46
Calculate the greatest common divisor of 88998 and 11736.
978
Calculate the highest common factor of 200980 and 2860.
260
What is the highest common factor of 32 and 11652?
4
What is the highest common divisor of 1212216 and 40?
8
What is the greatest common divisor of 139620 and 240?
60
Calculate the greatest common divisor of 345545 and 5.
5
What is the greatest common divisor of 1265152 and 308?
28
What is the highest common divisor of 17263 and 976?
61
What is the highest common factor of 37004 and 88?
44
What is the greatest common factor of 576684 and 166?
166
What is the highest common factor of 95811 and 327?
327
What is the highest common divisor of 313 and 1222891?
313
What is the highest common divisor of 301473 and 774?
387
Calculate the highest common divisor of 38 and 175598.
38
What is the greatest common divisor of 50 and 181950?
50
What is the greatest common factor of 4567329 and 13?
13
What is the highest common divisor of 1092 and 18720?
156
Calculate the highest common factor of 41 and 984.
41
What is the greatest common divisor of 33605 and 28600?
715
Calculate the highest common divisor of 138650 and 3525.
1175
What is the highest common divisor of 148362 and 3318?
474
Calculate the greatest common factor of 109739 and 183.
61
Calculate the greatest common divisor of 109810 and 61620.
790
Calculate the greatest common divisor of 1320 and 199560.
120
What is the highest common divisor of 5481 and 8004?
87
What is the highest common factor of 4088 and 50?
2
Calculate the highest common factor of 3025578 and 282.
282
What is the greatest common divisor of 17422 and 682?
62
Calculate the highest common factor of 16352 and 1568.
224
What is the greatest common factor of 395535 and 105?
105
Calculate the greatest common divisor of 372 and 1108.
4
What is the greatest common divisor of 318780 and 1104?
276
Calculate the greatest common factor of 180294 and 604.
302
Calculate the highest common divisor of 762 and 686943.
381
Calculate the highest common factor of 2882 and 20698.
262
Calculate the highest common divisor of 2799 and 1902387.
933
What is the greatest common divisor of 282 and 9402?
6
What is the highest common factor of 1016 and 79756?
508
What is the greatest common divisor of 4571 and 9107?
7
What is the highest common factor of 11676 and 5421?
417
Calculate the greatest common factor of 170 and 28373.
17
Calculate the grea